 is the units digit of 125485?
5
What is the hundreds digit of 2462285?
2
What is the hundreds digit of 108121?
1
What is the thousands digit of 332489?
2
What is the thousands digit of 8387756?
7
What is the hundreds digit of 2985205?
2
What is the units digit of 486092?
2
What is the ten thousands digit of 3069895?
6
What is the hundreds digit of 160852?
8
What is the thousands digit of 540648?
0
What is the hundred thousands digit of 196691?
1
What is the millions digit of 4234224?
4
What is the thousands digit of 691017?
1
What is the ten thousands digit of 8408167?
0
What is the thousands digit of 218441?
8
What is the hundreds digit of 24437949?
9
What is the hundreds digit of 12915595?
5
What is the thousands digit of 67348?
7
What is the tens digit of 458025?
2
What is the hundreds digit of 15981856?
8
What is the tens digit of 348971?
7
What is the tens digit of 531429?
2
What is the tens digit of 2564776?
7
What is the thousands digit of 210575?
0
What is the ten thousands digit of 267257?
6
What is the tens digit of 7730443?
4
What is the hundreds digit of 423397?
3
What is the tens digit of 480651?
5
What is the hundred thousands digit of 308612?
3
What is the tens digit of 437266?
6
What is the thousands digit of 2402472?
2
What is the tens digit of 648276?
7
What is the millions digit of 25261560?
5
What is the hundred thousands digit of 11373116?
3
What is the ten thousands digit of 273386?
7
What is the millions digit of 6011787?
6
What is the ten thousands digit of 269754?
6
What is the hundred thousands digit of 771091?
7
What is the millions digit of 24942928?
4
What is the tens digit of 1903133?
3
What is the thousands digit of 15718653?
8
What is the ten thousands digit of 1175552?
7
What is the ten thousands digit of 823608?
2
What is the millions digit of 5824502?
5
What is the units digit of 3361681?
1
What is the tens digit of 34512073?
7
What is the units digit of 403853?
3
What is the tens digit of 200063?
6
What is the hundred thousands digit of 1225464?
2
What is the units digit of 1127937?
7
What is the ten thousands digit of 488562?
8
What is the thousands digit of 257733?
7
What is the ten thousands digit of 51431?
5
What is the hundred thousands digit of 1084971?
0
What is the hundreds digit of 22853959?
9
What is the units digit of 339460?
0
What is the thousands digit of 142437?
2
What is the hundreds digit of 267788?
7
What is the tens digit of 178106?
0
What is the thousands digit of 86738?
6
What is the hundreds digit of 6656255?
2
What is the hundreds digit of 3018991?
9
What is the tens digit of 2759132?
3
What is the thousands digit of 927497?
7
What is the hundreds digit of 622467?
4
What is the hundreds digit of 3314614?
6
What is the hundred thousands digit of 3413141?
4
What is the ten thousands digit of 54245?
5
What is the hundred thousands digit of 1326973?
3
What is the millions digit of 8744829?
8
What is the tens digit of 12633279?
7
What is the hundred thousands digit of 520233?
5
What is the thousands digit of 2084194?
4
What is the units digit of 285819?
9
What is the thousands digit of 18432646?
2
What is the hundreds digit of 18589257?
2
What is the hundred thousands digit of 19931734?
9
What is the hundreds digit of 131176?
1
What is the ten millions digit of 12138992?
1
What is the tens digit of 328026?
2
What is the thousands digit of 44771?
4
What is the tens digit of 331231?
3
What is the units digit of 312760?
0
What is the hundred thousands digit of 144522?
1
What is the thousands digit of 24354496?
4
What is the ten thousands digit of 3401575?
0
What is the units digit of 163724?
4
What is the ten thousands digit of 12834736?
3
What is the units digit of 38307?
7
What is the millions digit of 1022064?
1
What is the hundreds digit of 263875?
8
What is the millions digit of 8746586?
8
What is the hundred thousands digit of 4084404?
0
What is the hundreds digit of 232252?
2
What is the units digit of 74587?
7
What is the thousands digit of 446014?
6
What is the millions digit of 1588939?
1
What is the millions digit of 1941855?
1
What is the thousands digit of 3097422?
7
What is the thousands digit of 223865?
3
What is the millions digit of 9757854?
9
What is the hundreds digit of 76739?
7
What is the hundreds digit of 30905?
9
What is the thousands digit of 1561892?
1
What is the units digit of 10139202?
2
What is the thousands digit of 4937437?
7
What is the units digit of 22549345?
5
What is the thousands digit of 14185475?
5
What is the thousands digit of 1775874?
5
What is the hundred thousands digit of 34872738?
8
What is the thousands digit of 12508940?
8
What is the ten thousands digit of 827395?
2
What is the units digit of 521034?
4
What is the hundred thousands digit of 5249647?
2
What is the tens digit of 749964?
6
What is the units digit of 192724?
4
What is the hundred thousands digit of 305170?
3
What is the hundreds digit of 4028669?
6
What is the hundred thousands digit of 8866270?
8
What is the millions digit of 4754650?
4
What is the hundreds digit of 339950?
9
What is the ten thousands digit of 3650078?
5
What is the thousands digit of 2950810?
0
What is the units digit of 41666?
6
What is the tens digit of 1023585?
8
What is the millions digit of 4327613?
4
What is the ten thousands digit of 9668648?
6
What is the units digit of 648225?
5
What is the millions digit of 8190574?
8
What is the millions digit of 7907387?
7
What is the hundreds digit of 131087?
0
What is the thousands digit of 54694?
4
What is the tens digit of 9182090?
9
What is the hundreds digit of 90375?
3
What is the ten thousands digit of 18508476?
0
What is the hundred thousands digit of 9817365?
8
What is the ten thousands digit of 407516?
0
What is the ten thousands digit of 710484?
1
What is the hundred thousands digit of 2713169?
7
What is the hundreds digit of 1408807?
8
What is the millions digit of 14586454?
4
What is the units digit of 5824814?
4
What is the tens digit of 44278?
7
What is the thousands digit of 28565777?
5
What is the ten thousands digit of 23711664?
1
What is the tens digit of 2492323?
2
What is the thousands digit of 105554?
5
What is the hundreds digit of 2135042?
0
What is the tens digit of 488029?
2
What is the tens digit of 430996?
9
What is the thousands digit of 63510?
3
What is the ten millions digit of 18979636?
1
What is the millions digit of 1088516?
1
What is the ten thousands digit of 249460?
4
What is the tens digit of 192467?
6
What is the hundred thousands digit of 6016136?
0
What is the units digit of 628651?
1
What is the thousands digit of 21540374?
0
What is the millions digit of 5430935?
5
What is the units digit of 5205070?
0
What is the thousands digit of 187740?
7
What is the thousands digit of 253260?
3
What is the tens digit of 5102843?
4
What is the hundreds digit of 82862?
8
What is the ten thousands digit of 8715983?
1
What is the tens digit of 401858?
5
What is the hundreds digit of 453878?
8
What is the hundred thousands digit of 10451259?
4
What is the hundreds digit of 82352?
3
What is the tens digit of 8328638?
3
What is the hundred thousands digit of 526695?
5
What is the hundred thousands digit of 151457?
1
What is the thousands digit of 31010115?
0
What is the tens digit of 192562?
6
What is the hundred thousands digit of 6022889?
0
What is the hundreds digit of 158105?
1
What is the ten thousands digit of 24846245?
4
What is the tens digit of 45432?
3
What is the units digit of 619708?
8
What is the thousands digit of 115792?
5
What is the ten thousands digit of 194697?
9
What is the ten thousands digit of 4638599?
3
What is the tens digit of 1128006?
0
What is the thousands digit of 60690?
0
What is the thousands digit of 24658210?
8
What is the units digit of 154152?
2
What is the ten thousands digit of 73258?
7
What is the ten thousands digit of 1227443?
2
What is the hundreds digit of 5020808?
8
What is the millions digit of 28310837?
8
What is the hundreds digit of 3728127?
1
What is the units digit of 609428?
8
What is the millions digit of 24579890?
4
What is the ten thousands digit of 1881498?
8
What is the millions digit of 3565539?
3
What is the ten thousands digit of 649692?
4
What is the hundreds digit of 880618?
6